f 9500.
2, 5, 19
What are the prime factors of 6540?
2, 3, 5, 109
List the prime factors of 503.
503
List the prime factors of 314.
2, 157
List the prime factors of 1442.
2, 7, 103
List the prime factors of 73168.
2, 17, 269
What are the prime factors of 12702?
2, 3, 29, 73
List the prime factors of 1768.
2, 13, 17
What are the prime factors of 2528?
2, 79
What are the prime factors of 8820?
2, 3, 5, 7
List the prime factors of 2653.
7, 379
List the prime factors of 455.
5, 7, 13
List the prime factors of 36909.
3, 1367
What are the prime factors of 7235?
5, 1447
List the prime factors of 50.
2, 5
List the prime factors of 4531.
23, 197
List the prime factors of 546.
2, 3, 7, 13
What are the prime factors of 2129?
2129
What are the prime factors of 23533?
101, 233
List the prime factors of 1248.
2, 3, 13
What are the prime factors of 5716?
2, 1429
List the prime factors of 955.
5, 191
List the prime factors of 10628.
2, 2657
What are the prime factors of 13307?
7, 1901
List the prime factors of 65992.
2, 73, 113
What are the prime factors of 15275?
5, 13, 47
What are the prime factors of 4173?
3, 13, 107
List the prime factors of 7191.
3, 17, 47
List the prime factors of 28322.
2, 7, 17
What are the prime factors of 15610?
2, 5, 7, 223
List the prime factors of 5029.
47, 107
List the prime factors of 2496.
2, 3, 13
What are the prime factors of 18295?
5, 3659
What are the prime factors of 4199?
13, 17, 19
What are the prime factors of 20532?
2, 3, 29, 59
List the prime factors of 51519.
3, 13, 1321
What are the prime factors of 7660?
2, 5, 383
List the prime factors of 3412.
2, 853
List the prime factors of 1037.
17, 61
What are the prime factors of 5087?
5087
What are the prime factors of 4232?
2, 23
List the prime factors of 1023.
3, 11, 31
What are the prime factors of 192?
2, 3
List the prime factors of 1137.
3, 379
What are the prime factors of 645?
3, 5, 43
List the prime factors of 107106.
2, 3, 17851
List the prime factors of 828.
2, 3, 23
What are the prime factors of 5464?
2, 683
What are the prime factors of 35843?
73, 491
List the prime factors of 947.
947
List the prime factors of 1525.
5, 61
What are the prime factors of 3757?
13, 17
What are the prime factors of 7014?
2, 3, 7, 167
What are the prime factors of 19215?
3, 5, 7, 61
List the prime factors of 1120.
2, 5, 7
List the prime factors of 1880.
2, 5, 47
List the prime factors of 3869.
53, 73
What are the prime factors of 7257?
3, 41, 59
List the prime factors of 90356.
2, 7, 461
What are the prime factors of 1591?
37, 43
List the prime factors of 156607.
11, 23, 619
What are the prime factors of 1655?
5, 331
What are the prime factors of 4740?
2, 3, 5, 79
List the prime factors of 3623.
3623
What are the prime factors of 3801?
3, 7, 181
What are the prime factors of 2640?
2, 3, 5, 11
What are the prime factors of 5981?
5981
List the prime factors of 35784.
2, 3, 7, 71
List the prime factors of 7270.
2, 5, 727
What are the prime factors of 211?
211
List the prime factors of 19074.
2, 3, 11, 17
What are the prime factors of 46848?
2, 3, 61
What are the prime factors of 16161?
3, 5387
List the prime factors of 61551.
3, 7, 977
What are the prime factors of 390?
2, 3, 5, 13
List the prime factors of 1502.
2, 751
What are the prime factors of 28714?
2, 7, 293
What are the prime factors of 7877?
7877
List the prime factors of 43964.
2, 29, 379
List the prime factors of 57087.
3, 6343
List the prime factors of 24906.
2, 3, 7, 593
List the prime factors of 128411.
128411
List the prime factors of 2366.
2, 7, 13
List the prime factors of 5231.
5231
List the prime factors of 2803.
2803
What are the prime factors of 2207?
2207
What are the prime factors of 179093?
79, 2267
What are the prime factors of 1110?
2, 3, 5, 37
What are the prime factors of 63139?
103, 613
What are the prime factors of 6724?
2, 41
What are the prime factors of 25675?
5, 13, 79
List the prime factors of 81462.
2, 3, 13577
What are the prime factors of 12668?
2, 3167
List the prime factors of 1592.
2, 199
What are the prime factors of 31168?
2, 487
List the prime factors of 9916.
2, 37, 67
List the prime factors of 196.
2, 7
What are the prime factors of 823?
823
What are the prime factors of 418?
2, 11, 19
List the prime factors of 91610.
2, 5, 9161
List the prime factors of 64966.
2, 11, 2953
What are the prime factors of 95325?
3, 5, 31, 41
What are the prime factors of 993?
3, 331
List the prime factors of 35130.
2, 3, 5, 1171
What are the prime factors of 1346?
2, 673
What are the prime factors of 2428?
2, 607
List the prime factors of 3083.
3083
What are the prime factors of 687?
3, 229
What are the prime factors of 14482?
2, 13, 557
List the prime factors of 23605.
5, 4721
List the prime factors of 1550.
2, 5, 31
What are the prime factors of 12527?
12527
List the prime factors of 10995.
3, 5, 733
List the prime factors of 2967.
3, 23, 43
List the prime factors of 6350.
2, 5, 127
List the prime factors of 10618.
2, 5309
List the prime factors of 754.
2, 13, 29
What are the prime factors of 425?
5, 17
What are the prime factors of 7072?
2, 13, 17
What are the prime factors of 1109?
1109
What are the prime factors of 7905?
3, 5, 17, 31
List the prime factors of 12763.
12763
What are the prime factors of 1851?
3, 617
List the prime factors of 1024.
2
List the prime factors of 1593.
3, 59
List the prime factors of 66086.
2, 173, 191
List the prime factors of 5205.
3, 5, 347
List the prime factors of 653.
653
List the prime factors of 2426.
2, 1213
List the prime factors of 275.
5, 11
What are the prime factors of 24090?
2, 3, 5, 11, 73
List the prime factors of 27718.
2, 13859
List the prime factors of 237.
3, 79
List the prime factors of 606.
2, 3, 101
What are the prime factors of 1625?
5, 13
List the prime factors of 34609.
53, 653
List the prime factors of 5571.
3, 619
What are the prime factors of 30391?
30391
What are the prime factors of 19357?
13, 1489
List the prime factors of 625.
5
List the prime factors of 3238.
2, 1619
List the prime factors of 2616.
2, 3, 109
List the prime factors of 3002.
2, 19, 79
What are the prime factors of 677?
677
List the prime factors of 396.
2, 3, 11
List the prime factors of 46.
2, 23
List the prime factors of 15953.
7, 43, 53
What are the prime factors of 10616?
2, 1327
What are the prime factors of 962?
2, 13, 37
What are the prime factors of 45427?
45427
What are the prime factors of 7053?
3, 2351
List the prime factors of 1542.
2, 3, 257
What are the prime factors of 3845?
5, 769
What are the prime factors of 425?
5, 17
What are the prime factors of 715?
5, 11, 13
What are the prime factors of 9692?
2, 2423
What are the prime factors of 99443?
277, 359
List the prime factors of 10770.
2, 3, 5, 359
List the prime factors of 61519.
61519
List the prime factors of 985.
5, 197
What are the prime factors of 8181?
3, 101
What are the prime factors of 2353?
13, 181
What are the prime factors of 673?
673
List the prime factors of 137847.
3, 45949
What are the prime factors of 30057?
3, 43, 233
What are the prime factors of 10659?
3, 11, 17, 19
What are the prime factors of 1843?
19, 97
List the prime factors of 6656.
2, 13
List the prime factors of 1843.
19, 97
What are the prime factors of 26394?
2, 3, 53, 83
What are the prime factors of 1394?
2, 17, 41
List the prime factors of 3283.
7, 67
What are the prime factors of 315?
3, 5, 7
What are the prime factors of 10643?
29, 367
List the prime factors of 10697.
19, 563
List the prime factors of 3781.
19, 199
List the prime factors of 40030.
2, 5, 4003
List the prime factors of 4925.
5, 197
What are the prime factors of 1168?
2, 73
What are the prime factors of 39910?
2, 5, 13, 307
List the prime factors of 27746.
2, 13873
What are the prime factors of 1783?
1783
What are the prime factors of 124?
2, 31
List the prime factors of 10631.
10631
List the prime factors of 195.
3, 5, 13
What are the prime factors of 52773?
3, 7, 359
List the prime factors of 64381.
64381
What are the prime factors of 193?
193
What are the prime factors of 23614?
2, 11807
What are the prime factors of 129749?
129749
List the prime factors of 680.
2, 5, 17
What are the prime factors of 1867?
1867
List the prime factors of 153.
3, 17
List th